{"id":1017,"date":"2018-10-18T10:44:36","date_gmt":"2018-10-18T10:44:36","guid":{"rendered":"http:\/\/efimezotur.mediacenter11.hu\/?page_id=1017"},"modified":"2022-10-18T11:11:18","modified_gmt":"2022-10-18T10:11:18","slug":"lek-programnaptar","status":"publish","type":"page","link":"https:\/\/efimezotur.hu\/?page_id=1017","title":{"rendered":"Lek Programnapt\u00e1r"},"content":{"rendered":"<h1 style=\"text-align: center;\"><span style=\"color: #ff9900;\"><strong>2022. JANU\u00c1R<\/strong><\/span><\/h1>\n<ol>\n<li>Minden h\u00e9ten kedden \u00e9s cs\u00fct\u00f6rt\u00f6k\u00f6n 14.00.-15.00. Gy\u00f3gytorna<br><br><strong>Helysz\u00edn:<\/strong>&nbsp;Mez\u0151t\u00fari K\u00f3rh\u00e1z \u00e9s Rendel\u0151int\u00e9zet, Gy\u00f3gytorna terem<br>Torn\u00e1ink a j\u00e1rv\u00e1ny\u00fcgyi szab\u00e1lyok szigor\u00fa betart\u00e1s\u00e1val folynak<\/li>\n<\/ol>\n<h1 style=\"text-align: center;\"><span style=\"color: #ff9900;\"><strong>2022. FEBRU\u00c1R<\/strong><\/span><\/h1>\n<ol>\n<li>Minden h\u00e9ten kedden \u00e9s cs\u00fct\u00f6rt\u00f6k\u00f6n 14.00.-15.00. Gy\u00f3gytorna (T\u00f3th R\u00e9ka \u2013gy\u00f3gytorn\u00e1sz)<br><br><strong>Helysz\u00edn:<\/strong>&nbsp;Mez\u0151t\u00fari K\u00f3rh\u00e1z \u00e9s Rendel\u0151int\u00e9zet, Gy\u00f3gytorna terem<br>Torn\u00e1ink a j\u00e1rv\u00e1ny\u00fcgyi szab\u00e1lyok szigor\u00fa betart\u00e1s\u00e1val folynak<br><br><\/li>\n<li>Happy H\u00e9t\u201dHelysz\u00edn: Mez\u0151t\u00fari II. R\u00e1k\u00f3czi Ferenc Magyar-Angol K\u00e9t Tan\u00edt\u00e1si Nyelv\u0171 \u00c1ltal\u00e1nos Iskola \u00e9s AMI<br><br><strong>Id\u0151pont:<\/strong>&nbsp;2022.02.28. 13.00.<br><strong>El\u0151ad\u00e1s:<\/strong>&nbsp;Solt\u00e9szn\u00e9 Krizbai Erika- Szem\u00e9lyi Higi\u00e9ne<br><br><\/li>\n<li>Minden h\u00e9ten kedden \u00e9s cs\u00fct\u00f6rt\u00f6k\u00f6n 14.00.-15.00. Gy\u00f3gytorna (T\u00f3th R\u00e9ka \u2013gy\u00f3gytorn\u00e1sz)<br><br><strong>Helysz\u00edn:<\/strong>&nbsp;Mez\u0151t\u00fari K\u00f3rh\u00e1z \u00e9s Rendel\u0151int\u00e9zet, Gy\u00f3gytorna terem<br>Torn\u00e1ink a j\u00e1rv\u00e1ny\u00fcgyi szab\u00e1lyok szigor\u00fa betart\u00e1s\u00e1val folynak<\/li>\n<\/ol>\n<p>&nbsp;<\/p>\n<h1 style=\"text-align: center;\"><span style=\"color: #ff9900;\">2022.&nbsp;<strong>M\u00c1RCIUS<\/strong><\/span><\/h1>\n<ol>\n<li><strong>,,Happy H\u00e9t\u201d<\/strong><br><br><strong>Helysz\u00edn:<\/strong>&nbsp;Mez\u0151t\u00fari II. R\u00e1k\u00f3czi Ferenc Magyar-Angol K\u00e9t Tan\u00edt\u00e1si Nyelv\u0171 \u00c1ltal\u00e1nos Iskola \u00e9s AMI<br>Id\u0151pont: 2022.03.01.&nbsp; 13.00.<br><br><\/li>\n<li><strong>El\u0151ad\u00e1s:<\/strong>&nbsp;Solt\u00e9szn\u00e9 Krizbai Erika- Eg\u00e9szs\u00e9ges t\u00e1pl\u00e1lkoz\u00e1s<br><br><strong>Helysz\u00edn:<\/strong>&nbsp;Mez\u0151t\u00fari II. R\u00e1k\u00f3czi Ferenc Magyar-Angol K\u00e9t Tan\u00edt\u00e1si Nyelv\u0171 \u00c1ltal\u00e1nos Iskola \u00e9s AMI<br><strong>Id\u0151pont:<\/strong>&nbsp;2022.03.02.&nbsp; 08.00.<br><br><\/li>\n<li><strong>El\u0151ad\u00e1s:<\/strong>&nbsp;Solt\u00e9szn\u00e9 Krizbai Erika- Eg\u00e9szs\u00e9ges t\u00e1pl\u00e1lkoz\u00e1s<br><br><strong>Helysz\u00edn:<\/strong>&nbsp;Mez\u0151t\u00fari II. R\u00e1k\u00f3czi Ferenc Magyar-Angol K\u00e9t Tan\u00edt\u00e1si Nyelv\u0171 \u00c1ltal\u00e1nos Iskola \u00e9s AMI<br><strong>Id\u0151pont:<\/strong>&nbsp;2022.03.02.&nbsp; 14.00.<br><br><\/li>\n<li><strong>El\u0151ad\u00e1s:<\/strong>&nbsp;Pl\u00e1nka Zsuzsa pszichol\u00f3gus \u2013Iskolai b\u00e1ntalmaz\u00e1s<br><br><strong>Helysz\u00edn:<\/strong>&nbsp;Mez\u0151t\u00fari II. R\u00e1k\u00f3czi Ferenc Magyar-Angol K\u00e9t Tan\u00edt\u00e1si Nyelv\u0171 \u00c1ltal\u00e1nos Iskola \u00e9s AMI<br><strong>Id\u0151pont:<\/strong>&nbsp;2022.03.04.&nbsp; 14.00.<br><br><\/li>\n<li>El\u0151ad\u00e1s: Solt\u00e9szn\u00e9 Krizbai Erika- Eg\u00e9szs\u00e9ges t\u00e1pl\u00e1lkoz\u00e1s<br>Pedag\u00f3gus Nyugd\u00edjas Klub \u2013 gy\u00f3gytorna<br><br><strong>Id\u0151pont:&nbsp;<\/strong><br>2022.03.16.&nbsp; 13.30.<br>2022.03.17.&nbsp; 13.30.<br>2022.03.18.&nbsp; 13.30.<br><br><strong>Helysz\u00edn:<\/strong>&nbsp;Mez\u0151t\u00fari K\u00f3rh\u00e1z \u00e9s Rendel\u0151int\u00e9zet&nbsp; \u2013 Gy\u00f3gytorna terem&nbsp;&nbsp; (T\u00f3th R\u00e9ka \u2013gy\u00f3gytorn\u00e1sz)<\/li>\n<\/ol>\n<p>&nbsp;<\/p>\n<h1 style=\"text-align: center;\"><span style=\"color: #ff9900;\"><strong>2022. \u00c1PRILIS<\/strong><\/span><\/h1>\n<ol>\n<li>Minden h\u00e9ten kedden \u00e9s cs\u00fct\u00f6rt\u00f6k\u00f6n 14.00.-15.00. Gy\u00f3gytorna&nbsp; (T\u00f3th R\u00e9ka \u2013gy\u00f3gytorn\u00e1sz)<br><br><strong>Helysz\u00edn:<\/strong>&nbsp;Mez\u0151t\u00fari K\u00f3rh\u00e1z \u00e9s Rendel\u0151int\u00e9zet, Gy\u00f3gytorna terem<br><br><\/li>\n<li>Mozg\u00e1ss\u00e9r\u00fclt Klub<br><br><strong>Id\u0151pont:<\/strong>&nbsp;2022.04.04.&nbsp; 14.00.<br><br><strong>Helysz\u00edn:<\/strong>&nbsp;K\u00f6z\u00f6ss\u00e9gi H\u00e1z Mez\u0151t\u00far<br><strong>El\u0151ad\u00e1s:<\/strong>&nbsp;T\u00f3th R\u00e9ka gy\u00f3gytorn\u00e1sz<br><strong>Torna:&nbsp;&nbsp;<\/strong>&nbsp;&nbsp; T\u00f3th R\u00e9ka gy\u00f3gytorn\u00e1sz<\/li>\n<\/ol>\n\n\n<p><\/p>\n","protected":false},"excerpt":{"rendered":"<p>2022. JANU\u00c1R Minden h\u00e9ten kedden \u00e9s cs\u00fct\u00f6rt\u00f6k\u00f6n 14.00.-15.00. Gy\u00f3gytorna Helysz\u00edn:&nbsp;Mez\u0151t\u00fari K\u00f3rh\u00e1z \u00e9s Rendel\u0151int\u00e9zet, Gy\u00f3gytorna teremTorn\u00e1ink a j\u00e1rv\u00e1ny\u00fcgyi szab\u00e1lyok szigor\u00fa betart\u00e1s\u00e1val folynak 2022. FEBRU\u00c1R Minden h\u00e9ten kedden \u00e9s cs\u00fct\u00f6rt\u00f6k\u00f6n 14.00.-15.00. Gy\u00f3gytorna (T\u00f3th R\u00e9ka \u2013gy\u00f3gytorn\u00e1sz) Helysz\u00edn:&nbsp;Mez\u0151t\u00fari K\u00f3rh\u00e1z \u00e9s Rendel\u0151int\u00e9zet, Gy\u00f3gytorna teremTorn\u00e1ink a j\u00e1rv\u00e1ny\u00fcgyi szab\u00e1lyok szigor\u00fa betart\u00e1s\u00e1val folynak Happy H\u00e9t\u201dHelysz\u00edn: Mez\u0151t\u00fari II. R\u00e1k\u00f3czi Ferenc Magyar-Angol K\u00e9t Tan\u00edt\u00e1si Nyelv\u0171 [&hellip;]<\/p>\n","protected":false},"author":2,"featured_media":0,"parent":0,"menu_order":0,"comment_status":"closed","ping_status":"closed","template":"","meta":{"ngg_post_thumbnail":0,"footnotes":""},"class_list":["post-1017","page","type-page","status-publish","hentry"],"_links":{"self":[{"href":"https:\/\/efimezotur.hu\/index.php?rest_route=\/wp\/v2\/pages\/1017","targetHints":{"allow":["GET"]}}],"collection":[{"href":"https:\/\/efimezotur.hu\/index.php?rest_route=\/wp\/v2\/pages"}],"about":[{"href":"https:\/\/efimezotur.hu\/index.php?rest_route=\/wp\/v2\/types\/page"}],"author":[{"embeddable":true,"href":"https:\/\/efimezotur.hu\/index.php?rest_route=\/wp\/v2\/users\/2"}],"replies":[{"embeddable":true,"href":"https:\/\/efimezotur.hu\/index.php?rest_route=%2Fwp%2Fv2%2Fcomments&post=1017"}],"version-history":[{"count":34,"href":"https:\/\/efimezotur.hu\/index.php?rest_route=\/wp\/v2\/pages\/1017\/revisions"}],"predecessor-version":[{"id":1784,"href":"https:\/\/efimezotur.hu\/index.php?rest_route=\/wp\/v2\/pages\/1017\/revisions\/1784"}],"wp:attachment":[{"href":"https:\/\/efimezotur.hu\/index.php?rest_route=%2Fwp%2Fv2%2Fmedia&parent=1017"}],"curies":[{"name":"wp","href":"https:\/\/api.w.org\/{rel}","templated":true}]}}