{"id":1233,"date":"2019-04-04T08:17:00","date_gmt":"2019-04-04T07:17:00","guid":{"rendered":"http:\/\/efimezotur.mediacenter11.hu\/?page_id=1233"},"modified":"2019-04-04T09:06:52","modified_gmt":"2019-04-04T08:06:52","slug":"magankutak-vizminosege","status":"publish","type":"page","link":"https:\/\/efimezotur.hu\/?page_id=1233","title":{"rendered":"Mag\u00e1nk\u00fatak v\u00edzmin\u0151s\u00e9ge"},"content":{"rendered":"<h1 style=\"text-align: center;\"><span style=\"color: #ff9900;\"><strong>Mag\u00e1nk\u00fatak v\u00edzmin\u0151s\u00e9ge<\/strong><\/span><\/h1>\n<p>Az \u00e1sott vagy f\u00fart kutak viz\u00e9nek min\u0151s\u00e9ge rendk\u00edv\u00fcl v\u00e1ltozatos. Min\u0151s\u00e9groml\u00e1st els\u0151sorban, emberi vagy \u00e1llati eredet\u0171 szennyv\u00edz, \u00e1llati hullad\u00e9k (p\u00f6ceg\u00f6dr\u00f6k, \u00e1rny\u00e9ksz\u00e9kek, d\u00f6gkutak, tr\u00e1gy\u00e1z\u00e1s), mez\u0151gazdas\u00e1gi ter\u00fcleten k\u00fcl\u00f6nb\u00f6z\u0151 n\u00f6v\u00e9nyv\u00e9d\u0151szer vagy m\u0171tr\u00e1gya maradv\u00e1nyok vagy k\u00fcl\u00f6nb\u00f6z\u0151 geog\u00e9n (talajk\u00e9pz\u0151 k\u0151zet) eredet\u0171 szennyez\u00e9sek okoznak, ritk\u00e1bb esetben el\u0151fordulhat m\u00e9g egy\u00e9b, ipari eredet\u0171 szennyez\u00e9s megjelen\u00e9se is (pl. aut\u00f3bont\u00e1s, aut\u00f3jav\u00edt\u00f3 m\u0171hely, akkumul\u00e1tor feldolgoz\u00f3, aut\u00f3mos\u00f3, sz\u00ednesf\u00e9m feldolgoz\u00f3 stb.).<\/p>\n<p>Nagyon fontos, hogy a tulajdonos\/\u00fczemeltet\u0151 tiszt\u00e1ban legyen azzal, hogy milyen k\u00f6rnyez\u0151 vesz\u00e9lyforr\u00e1sok szennyezhetik a k\u00fat viz\u00e9t, amely egy\u00fattal seg\u00edt eld\u00f6nteni, hogy milyen laborat\u00f3riumi vizsg\u00e1latokkal sz\u00fcks\u00e9ges a v\u00edz min\u0151s\u00e9g\u00e9t rendszeresen ellen\u0151rizni. Ezekhez ny\u00fajt seg\u00edts\u00e9get a mell\u00e9kelt plak\u00e1t \u00e9s sz\u00f3r\u00f3anyag.<\/p>\n<p><a href=\"http:\/\/efimezotur.mediacenter11.hu\/wp-content\/uploads\/2019\/04\/Magankut_viz.pdf\">Mag\u00e1nk\u00fat v\u00edz<\/a><\/p>\n<p><a href=\"http:\/\/efimezotur.mediacenter11.hu\/wp-content\/uploads\/2019\/04\/Magankut_szorolap.pdf\">Mag\u00e1nk\u00fat sz\u00f3r\u00f3lap<\/a><\/p>\n<p><img loading=\"lazy\" decoding=\"async\" class=\"size-large wp-image-1268 aligncenter\" src=\"http:\/\/efimezotur.mediacenter11.hu\/wp-content\/uploads\/2019\/04\/Magankut_szorolap_page-0001-1024x725.jpg\" alt=\"\" width=\"870\" height=\"616\" srcset=\"https:\/\/efimezotur.hu\/wp-content\/uploads\/2019\/04\/Magankut_szorolap_page-0001-1024x725.jpg 1024w, https:\/\/efimezotur.hu\/wp-content\/uploads\/2019\/04\/Magankut_szorolap_page-0001-300x212.jpg 300w, https:\/\/efimezotur.hu\/wp-content\/uploads\/2019\/04\/Magankut_szorolap_page-0001-768x543.jpg 768w, https:\/\/efimezotur.hu\/wp-content\/uploads\/2019\/04\/Magankut_szorolap_page-0001.jpg 1754w\" sizes=\"auto, (max-width: 870px) 100vw, 870px\" \/> <img loading=\"lazy\" decoding=\"async\" class=\"size-large wp-image-1269 aligncenter\" src=\"http:\/\/efimezotur.mediacenter11.hu\/wp-content\/uploads\/2019\/04\/Magankut_szorolap_page-0002-1024x725.jpg\" alt=\"\" width=\"870\" height=\"616\" srcset=\"https:\/\/efimezotur.hu\/wp-content\/uploads\/2019\/04\/Magankut_szorolap_page-0002-1024x725.jpg 1024w, https:\/\/efimezotur.hu\/wp-content\/uploads\/2019\/04\/Magankut_szorolap_page-0002-300x212.jpg 300w, https:\/\/efimezotur.hu\/wp-content\/uploads\/2019\/04\/Magankut_szorolap_page-0002-768x543.jpg 768w, https:\/\/efimezotur.hu\/wp-content\/uploads\/2019\/04\/Magankut_szorolap_page-0002.jpg 1754w\" sizes=\"auto, (max-width: 870px) 100vw, 870px\" \/> <img loading=\"lazy\" decoding=\"async\" class=\"size-large wp-image-1270 aligncenter\" src=\"http:\/\/efimezotur.mediacenter11.hu\/wp-content\/uploads\/2019\/04\/Magankut_viz_page-0001-723x1024.jpg\" alt=\"\" width=\"723\" height=\"1024\" srcset=\"https:\/\/efimezotur.hu\/wp-content\/uploads\/2019\/04\/Magankut_viz_page-0001-723x1024.jpg 723w, https:\/\/efimezotur.hu\/wp-content\/uploads\/2019\/04\/Magankut_viz_page-0001-212x300.jpg 212w, https:\/\/efimezotur.hu\/wp-content\/uploads\/2019\/04\/Magankut_viz_page-0001-768x1088.jpg 768w\" sizes=\"auto, (max-width: 723px) 100vw, 723px\" \/><\/p>\n","protected":false},"excerpt":{"rendered":"<p>Mag\u00e1nk\u00fatak v\u00edzmin\u0151s\u00e9ge Az \u00e1sott vagy f\u00fart kutak viz\u00e9nek min\u0151s\u00e9ge rendk\u00edv\u00fcl v\u00e1ltozatos. Min\u0151s\u00e9groml\u00e1st els\u0151sorban, emberi vagy \u00e1llati eredet\u0171 szennyv\u00edz, \u00e1llati hullad\u00e9k (p\u00f6ceg\u00f6dr\u00f6k, \u00e1rny\u00e9ksz\u00e9kek, d\u00f6gkutak, tr\u00e1gy\u00e1z\u00e1s), mez\u0151gazdas\u00e1gi ter\u00fcleten k\u00fcl\u00f6nb\u00f6z\u0151 n\u00f6v\u00e9nyv\u00e9d\u0151szer vagy m\u0171tr\u00e1gya maradv\u00e1nyok vagy k\u00fcl\u00f6nb\u00f6z\u0151 geog\u00e9n (talajk\u00e9pz\u0151 k\u0151zet) eredet\u0171 szennyez\u00e9sek okoznak, ritk\u00e1bb esetben el\u0151fordulhat m\u00e9g egy\u00e9b, ipari eredet\u0171 szennyez\u00e9s megjelen\u00e9se is (pl. aut\u00f3bont\u00e1s, aut\u00f3jav\u00edt\u00f3 m\u0171hely, akkumul\u00e1tor feldolgoz\u00f3, [&hellip;]<\/p>\n","protected":false},"author":2,"featured_media":0,"parent":0,"menu_order":0,"comment_status":"closed","ping_status":"closed","template":"","meta":{"ngg_post_thumbnail":0,"footnotes":""},"class_list":["post-1233","page","type-page","status-publish","hentry"],"_links":{"self":[{"href":"https:\/\/efimezotur.hu\/index.php?rest_route=\/wp\/v2\/pages\/1233","targetHints":{"allow":["GET"]}}],"collection":[{"href":"https:\/\/efimezotur.hu\/index.php?rest_route=\/wp\/v2\/pages"}],"about":[{"href":"https:\/\/efimezotur.hu\/index.php?rest_route=\/wp\/v2\/types\/page"}],"author":[{"embeddable":true,"href":"https:\/\/efimezotur.hu\/index.php?rest_route=\/wp\/v2\/users\/2"}],"replies":[{"embeddable":true,"href":"https:\/\/efimezotur.hu\/index.php?rest_route=%2Fwp%2Fv2%2Fcomments&post=1233"}],"version-history":[{"count":5,"href":"https:\/\/efimezotur.hu\/index.php?rest_route=\/wp\/v2\/pages\/1233\/revisions"}],"predecessor-version":[{"id":1275,"href":"https:\/\/efimezotur.hu\/index.php?rest_route=\/wp\/v2\/pages\/1233\/revisions\/1275"}],"wp:attachment":[{"href":"https:\/\/efimezotur.hu\/index.php?rest_route=%2Fwp%2Fv2%2Fmedia&parent=1233"}],"curies":[{"name":"wp","href":"https:\/\/api.w.org\/{rel}","templated":true}]}}