{"id":1294,"date":"2019-05-13T08:54:26","date_gmt":"2019-05-13T07:54:26","guid":{"rendered":"http:\/\/efimezotur.mediacenter11.hu\/?page_id=1294"},"modified":"2024-02-28T12:34:34","modified_gmt":"2024-02-28T11:34:34","slug":"dobja-el-a-cigit","status":"publish","type":"page","link":"https:\/\/efimezotur.hu\/?page_id=1294","title":{"rendered":"Dobja el a cigit!!!"},"content":{"rendered":"<h3><strong>Mire van sz\u00fcks\u00e9g a leszok\u00e1shoz?<\/strong><\/h3>\n<p>Elsz\u00e1nts\u00e1gra \u00e9s motiv\u00e1ci\u00f3 a leszok\u00e1sra.<\/p>\n<p>Szakszer\u0171 seg\u00edts\u00e9gre, amely rugalmasan, t\u00f6bbf\u00e9le form\u00e1ban \u00e9rhet\u0151 el:<\/p>\n<p><strong>Egy\u00e9ni leszok\u00e1si program<\/strong>&nbsp;eset\u00e9n a p\u00e1ciens \u00e9s a seg\u00edt\u0151 szakember h\u00e1rom h\u00f3napon kereszt\u00fcl meghat\u00e1rozott alkalmakkor tal\u00e1lkoznak, a f\u00fcgg\u0151s\u00e9g ismeret\u00e9ben gy\u00f3gyszermentesen, vagy valamilyen gy\u00f3gyszerrel kieg\u00e9sz\u00edtve kezdik el \u00e9s folytatj\u00e1k a programot.<\/p>\n<p><strong>Csoportos leszok\u00e1s<\/strong>&nbsp;eset\u00e9n nyolc-t\u00edz doh\u00e1nyos k\u00f6z\u00f6sen, egym\u00e1st is \u00f6szt\u00f6n\u00f6zve igyekszik hozz\u00e1\u00e9rt\u0151 szakember vezet\u00e9s\u00e9vel megszabadulni a szenved\u00e9ly\u00e9t\u0151l. A rendszeres csoportfoglalkoz\u00e1sok sokat seg\u00edtenek. Er\u0151sebb f\u00fcgg\u0151s\u00e9g eset\u00e9n ekkor is sz\u00fcks\u00e9g lehet a gy\u00f3gyszeres t\u00e1mogat\u00e1sra. Ilyen seg\u00edts\u00e9g\u00e9rt forduljon a helyi T\u00fcd\u0151gondoz\u00f3 szakembereihez.<\/p>\n<p><strong>Telefonos leszok\u00e1s t\u00e1mogat\u00e1s<\/strong>&nbsp;azoknak a leszokni v\u00e1gy\u00f3 doh\u00e1nyosoknak, akik nem szeretn\u00e9nek gyakran megjelenni egy orvosi rendel\u0151ben, rendelkez\u00e9s\u00e9re \u00e1ll a telefonos leszok\u00e1s t\u00e1mogat\u00e1s lehet\u0151s\u00e9ge. A 06-80-44-20-44 ingyenes z\u00f6ld sz\u00e1mon szakk\u00e9pzett pszichol\u00f3gusok \u00e9s seg\u00edtenek a leszok\u00e1sban. Ez a program is legal\u00e1bb hat h\u00e9ten \u00e1t tart, amelynek keret\u00e9n bel\u00fcl hetente ker\u00fcl sor a besz\u00e9lget\u00e9sekre. A h\u00edv\u00e1sok minden esetben t\u00e9r\u00edt\u00e9smentesek.<\/p>\n<p>H\u00edvja a leszok\u00e1svonal ingyenes z\u00f6ldsz\u00e1m\u00e1t ak\u00e1r most:<\/p>\n<p><strong>06-80-44-20-44<\/strong><\/p>\n<p>Keresse a leszok\u00e1s t\u00e1mogat\u00f3 szakemberek seg\u00edts\u00e9g\u00e9t a T\u00fcd\u0151gondoz\u00f3ban!<\/p>\n<p>Szakemberek seg\u00edtenek leszokni a doh\u00e1nyz\u00e1sr\u00f3l.<\/p>\n<p>Mi tudjuk, hogy neh\u00e9z, de seg\u00edts\u00e9ggel k\u00f6nnyebb.<\/p>\n<p>Tegyen egy pr\u00f3b\u00e1t, csak nyerhet! A t\u00fcd\u0151gondoz\u00f3k \u00e9s a telefonos leszok\u00e1si vonal szakemberei k\u00e9szs\u00e9ggel \u00e1llnak a leszokni v\u00e1gy\u00f3 doh\u00e1nyosok rendelkez\u00e9s\u00e9re. K\u00f6z\u00f6s c\u00e9lunk az, hogy min\u00e9l kevesebben doh\u00e1nyozzanak!<\/p>\n<p>Tov\u00e1bbi inform\u00e1ci\u00f3k a sikeres leszok\u00e1shoz:<br \/>\nT\u00e1j\u00e9koz\u00f3djon a&nbsp;<a href=\"http:\/\/www.leszokaspont.hu\/\">www.leszokaspont.hu<\/a>&nbsp;vagy a<a href=\"http:\/\/www.leteszemacigit.hu\/\">&nbsp;www.leteszemacigit.hu<\/a>&nbsp;honlapokon!<\/p>\n<p>A doh\u00e1nyz\u00e1s abbahagy\u00e1sa a legt\u00f6bb, amit tehet a saj\u00e1t \u00e9s csal\u00e1dja eg\u00e9szs\u00e9ge \u00e9rdek\u00e9ben.<\/p>\n<p><strong>\u00c9rdekl\u0151dj\u00f6n a ter\u00fcleti T\u00fcd\u0151gondoz\u00f3 szakrendel\u00e9s\u00e9n! Szakemberek seg\u00edtenek a leszok\u00e1sban.<\/strong><\/p>\n<p>&nbsp;<\/p>\n","protected":false},"excerpt":{"rendered":"<p>Mire van sz\u00fcks\u00e9g a leszok\u00e1shoz? Elsz\u00e1nts\u00e1gra \u00e9s motiv\u00e1ci\u00f3 a leszok\u00e1sra. Szakszer\u0171 seg\u00edts\u00e9gre, amely rugalmasan, t\u00f6bbf\u00e9le form\u00e1ban \u00e9rhet\u0151 el: Egy\u00e9ni leszok\u00e1si program&nbsp;eset\u00e9n a p\u00e1ciens \u00e9s a seg\u00edt\u0151 szakember h\u00e1rom h\u00f3napon kereszt\u00fcl meghat\u00e1rozott alkalmakkor tal\u00e1lkoznak, a f\u00fcgg\u0151s\u00e9g ismeret\u00e9ben gy\u00f3gyszermentesen, vagy valamilyen gy\u00f3gyszerrel kieg\u00e9sz\u00edtve kezdik el \u00e9s folytatj\u00e1k a programot. Csoportos leszok\u00e1s&nbsp;eset\u00e9n nyolc-t\u00edz doh\u00e1nyos k\u00f6z\u00f6sen, egym\u00e1st is \u00f6szt\u00f6n\u00f6zve [&hellip;]<\/p>\n","protected":false},"author":2,"featured_media":0,"parent":0,"menu_order":0,"comment_status":"closed","ping_status":"closed","template":"","meta":{"ngg_post_thumbnail":0,"footnotes":""},"class_list":["post-1294","page","type-page","status-publish","hentry"],"_links":{"self":[{"href":"https:\/\/efimezotur.hu\/index.php?rest_route=\/wp\/v2\/pages\/1294","targetHints":{"allow":["GET"]}}],"collection":[{"href":"https:\/\/efimezotur.hu\/index.php?rest_route=\/wp\/v2\/pages"}],"about":[{"href":"https:\/\/efimezotur.hu\/index.php?rest_route=\/wp\/v2\/types\/page"}],"author":[{"embeddable":true,"href":"https:\/\/efimezotur.hu\/index.php?rest_route=\/wp\/v2\/users\/2"}],"replies":[{"embeddable":true,"href":"https:\/\/efimezotur.hu\/index.php?rest_route=%2Fwp%2Fv2%2Fcomments&post=1294"}],"version-history":[{"count":4,"href":"https:\/\/efimezotur.hu\/index.php?rest_route=\/wp\/v2\/pages\/1294\/revisions"}],"predecessor-version":[{"id":1966,"href":"https:\/\/efimezotur.hu\/index.php?rest_route=\/wp\/v2\/pages\/1294\/revisions\/1966"}],"wp:attachment":[{"href":"https:\/\/efimezotur.hu\/index.php?rest_route=%2Fwp%2Fv2%2Fmedia&parent=1294"}],"curies":[{"name":"wp","href":"https:\/\/api.w.org\/{rel}","templated":true}]}}