{"id":142,"date":"2017-06-09T19:16:22","date_gmt":"2017-06-09T19:16:22","guid":{"rendered":"http:\/\/efimezotur.mediacenter11.hu\/?page_id=142"},"modified":"2025-08-11T12:20:50","modified_gmt":"2025-08-11T11:20:50","slug":"tanacsadas","status":"publish","type":"page","link":"https:\/\/efimezotur.hu\/?page_id=142","title":{"rendered":"Tan\u00e1csad\u00e1s"},"content":{"rendered":"<div id=\"Cntnr6-1ak8\" class=\"Cntnr6-1ak8_hl9vq3mj\" data-reactid=\".0.$SITE_ROOT.$desktop_siteRoot.$PAGES_CONTAINER.1.1.$SITE_PAGES.$c1ie9_DESKTOP.4.$Cntnrf-19h7.1.$Cntnr6-1ak8\">\n<div id=\"Cntnr6-1ak8inlineContent\" class=\"Cntnr6-1ak8_hl9vq3mjinlineContent\" data-reactid=\".0.$SITE_ROOT.$desktop_siteRoot.$PAGES_CONTAINER.1.1.$SITE_PAGES.$c1ie9_DESKTOP.4.$Cntnrf-19h7.1.$Cntnr6-1ak8.1\">\n<div id=\"WRchTxty-rwj\" class=\"txtNew\" data-reactid=\".0.$SITE_ROOT.$desktop_siteRoot.$PAGES_CONTAINER.1.1.$SITE_PAGES.$c1ie9_DESKTOP.4.$Cntnrf-19h7.1.$Cntnr6-1ak8.1.$WRchTxty-rwj\">&nbsp;<\/div>\n<div id=\"WRchTxtz-wxp\" class=\"txtNew\" data-reactid=\".0.$SITE_ROOT.$desktop_siteRoot.$PAGES_CONTAINER.1.1.$SITE_PAGES.$c1ie9_DESKTOP.4.$Cntnrf-19h7.1.$Cntnr6-1ak8.1.$WRchTxtz-wxp\">\n<h2 class=\"font_8\"><strong><span style=\"color: revert; font-size: revert;\">Gy\u00f3gytorn\u00e1sz<\/span><\/strong><\/h2>\n<\/div>\n<\/div>\n<\/div>\n<div id=\"Cntnr1-11tk\" class=\"Cntnr1-11tk_hmdt0msf\" data-reactid=\".0.$SITE_ROOT.$desktop_siteRoot.$PAGES_CONTAINER.1.1.$SITE_PAGES.$c1ie9_DESKTOP.4.$Cntnrf-19h7.1.$Cntnr1-11tk\">\n<div id=\"Cntnr1-11tkbg\" class=\"Cntnr1-11tk_hmdt0msfbg\" data-reactid=\".0.$SITE_ROOT.$desktop_siteRoot.$PAGES_CONTAINER.1.1.$SITE_PAGES.$c1ie9_DESKTOP.4.$Cntnrf-19h7.1.$Cntnr1-11tk.0\">\n<h2 class=\"font_2\"><span class=\"color_11\"><img loading=\"lazy\" decoding=\"async\" class=\"size-medium wp-image-289 alignright\" src=\"http:\/\/efimezotur.mediacenter11.hu\/wp-content\/uploads\/2017\/06\/d97c06_f782807f66b494598d1255ece19a635d-300x255.png\" alt=\"\" width=\"300\" height=\"255\" srcset=\"https:\/\/efimezotur.hu\/wp-content\/uploads\/2017\/06\/d97c06_f782807f66b494598d1255ece19a635d-300x255.png 300w, https:\/\/efimezotur.hu\/wp-content\/uploads\/2017\/06\/d97c06_f782807f66b494598d1255ece19a635d.png 330w\" sizes=\"auto, (max-width: 300px) 100vw, 300px\" \/><\/span><\/h2>\n<\/div>\n<div id=\"Cntnr1-11tkinlineContent\" class=\"Cntnr1-11tk_hmdt0msfinlineContent\" data-reactid=\".0.$SITE_ROOT.$desktop_siteRoot.$PAGES_CONTAINER.1.1.$SITE_PAGES.$c1ie9_DESKTOP.4.$Cntnrf-19h7.1.$Cntnr1-11tk.1\">\n<div id=\"WRchTxt11-5w5\" class=\"txtNew\" data-reactid=\".0.$SITE_ROOT.$desktop_siteRoot.$PAGES_CONTAINER.1.1.$SITE_PAGES.$c1ie9_DESKTOP.4.$Cntnrf-19h7.1.$Cntnr1-11tk.1.$WRchTxt11-5w5\">\n<ul class=\"font_8\">\n<li>\n<p class=\"font_8\"><span class=\"color_11\">sza<\/span><span class=\"color_11\">k<\/span><span class=\"color_11\">ta<\/span><span class=\"color_11\">n<\/span><span class=\"color_11\">\u00e1csad<\/span><span class=\"color_11\">\u00e1s<\/span><\/p>\n<\/li>\n<li>\n<p class=\"font_8\"><span class=\"color_11\">egy\u00e9ni torna<\/span><\/p>\n<\/li>\n<li>\n<p class=\"font_8\"><span class=\"color_11\">csoportos torna<\/span><\/p>\n<\/li>\n<li>\n<p class=\"font_8\"><span class=\"color_11\">korcsoportonk\u00e9nti torna<\/span><\/p>\n<\/li>\n<li>\n<p class=\"font_8\"><span class=\"color_11\">gerinctorna<\/span><\/p>\n<\/li>\n<li>\n<p class=\"font_8\"><span class=\"color_11\">v\u00e1ll torna<\/span><\/p>\n<\/li>\n<li>\n<p class=\"font_8\"><span class=\"color_11\">v\u00edzi torna<\/span><\/p>\n<\/li>\n<li>\n<p class=\"font_8\"><span class=\"color_11\">munkahelyi torna<\/span><\/p>\n<\/li>\n<li>\n<p class=\"font_8\"><span class=\"color_11\">fitness jelleg\u0171 foglalkoz\u00e1sok<\/span><\/p>\n<\/li>\n<li>\n<p class=\"font_8\"><span class=\"color_11\">alakform\u00e1l\u00e1s<\/span><\/p>\n<\/li>\n<\/ul>\n<\/div>\n<\/div>\n<\/div>\n<div id=\"Cntnr3-gdy\" class=\"Cntnr3-gdy_hmdt678t\" data-reactid=\".0.$SITE_ROOT.$desktop_siteRoot.$PAGES_CONTAINER.1.1.$SITE_PAGES.$c1ie9_DESKTOP.4.$Cntnrf-19h7.1.$Cntnr3-gdy\">\n<div id=\"Cntnr3-gdyinlineContent\" class=\"Cntnr3-gdy_hmdt678tinlineContent\" data-reactid=\".0.$SITE_ROOT.$desktop_siteRoot.$PAGES_CONTAINER.1.1.$SITE_PAGES.$c1ie9_DESKTOP.4.$Cntnrf-19h7.1.$Cntnr3-gdy.1\">\n<div id=\"WPht4-kq8\" class=\"WPht4-kq8_hmdt678x\" title=\"1.jpg\" data-exact-height=\"280\" data-content-padding-horizontal=\"0\" data-content-padding-vertical=\"0\" data-reactid=\".0.$SITE_ROOT.$desktop_siteRoot.$PAGES_CONTAINER.1.1.$SITE_PAGES.$c1ie9_DESKTOP.4.$Cntnrf-19h7.1.$Cntnr3-gdy.1.$WPht4-kq8\">&nbsp;<\/div>\n<div id=\"WRchTxt14-lw\" class=\"txtNew\" data-reactid=\".0.$SITE_ROOT.$desktop_siteRoot.$PAGES_CONTAINER.1.1.$SITE_PAGES.$c1ie9_DESKTOP.4.$Cntnrf-19h7.1.$Cntnr3-gdy.1.$WRchTxt14-lw\">\n<h2 class=\"font_2\"><span class=\"color_11\">Dietetikus<img loading=\"lazy\" decoding=\"async\" class=\"size-medium wp-image-290 alignright\" src=\"http:\/\/efimezotur.mediacenter11.hu\/wp-content\/uploads\/2017\/06\/d97c06_826827971e9cb79cd10802838688fce2-300x255.jpg\" alt=\"\" width=\"300\" height=\"255\" srcset=\"https:\/\/efimezotur.hu\/wp-content\/uploads\/2017\/06\/d97c06_826827971e9cb79cd10802838688fce2-300x255.jpg 300w, https:\/\/efimezotur.hu\/wp-content\/uploads\/2017\/06\/d97c06_826827971e9cb79cd10802838688fce2.jpg 330w\" sizes=\"auto, (max-width: 300px) 100vw, 300px\" \/><\/span><\/h2>\n<ul class=\"font_8\">\n<li>\n<p class=\"font_8\"><span class=\"color_11\">egy\u00e9ni szaktan\u00e1csad\u00e1s<\/span><\/p>\n<\/li>\n<li>\n<p class=\"font_8\"><span class=\"color_11\">csoportos szaktan\u00e1csad\u00e1s<\/span><\/p>\n<\/li>\n<li>\n<p class=\"font_8\"><span class=\"color_11\">el\u0151ad\u00e1s<\/span><\/p>\n<\/li>\n<li>\n<p class=\"font_8\"><span class=\"color_11\">f\u0151z\u00e9si gyakorlat<\/span><\/p>\n<\/li>\n<li>\n<p class=\"font_8\"><span class=\"color_11\">\u00e9telk\u00e9sz\u00edt\u00e9si technik\u00e1k<\/span><\/p>\n<\/li>\n<li>\n<p class=\"font_8\"><span class=\"color_11\">a kliens \u00e9s hozz\u00e1tartoz\u00f3 oktat\u00e1sa di\u00e9t\u00e1s \u00e9telek elk\u00e9sz\u00edt\u00e9s\u00e9r\u0151l<\/span><\/p>\n<\/li>\n<\/ul>\n<\/div>\n<\/div>\n<\/div>\n<div id=\"Cntnrf-19h7inlineContent\" class=\"Cntnrf-19h7_hm0vwse3inlineContent\" data-reactid=\".0.$SITE_ROOT.$desktop_siteRoot.$PAGES_CONTAINER.1.1.$SITE_PAGES.$c1ie9_DESKTOP.4.$Cntnrf-19h7.1\">\n<div id=\"Cntnr4-19zf\" class=\"Cntnr4-19zf_hmdta398\" data-reactid=\".0.$SITE_ROOT.$desktop_siteRoot.$PAGES_CONTAINER.1.1.$SITE_PAGES.$c1ie9_DESKTOP.4.$Cntnrf-19h7.1.$Cntnr4-19zf\">\n<div id=\"Cntnr4-19zfinlineContent\" class=\"Cntnr4-19zf_hmdta398inlineContent\" data-reactid=\".0.$SITE_ROOT.$desktop_siteRoot.$PAGES_CONTAINER.1.1.$SITE_PAGES.$c1ie9_DESKTOP.4.$Cntnrf-19h7.1.$Cntnr4-19zf.1\">\n<div id=\"WRchTxt15-q7s\" class=\"txtNew\" data-reactid=\".0.$SITE_ROOT.$desktop_siteRoot.$PAGES_CONTAINER.1.1.$SITE_PAGES.$c1ie9_DESKTOP.4.$Cntnrf-19h7.1.$Cntnr4-19zf.1.$WRchTxt15-q7s\">\n<h2>Pszichol\u00f3giai tan\u00e1csad\u00e1s<\/h2>\n<ul>\n<li>\u00e9letvezet\u00e9si tan\u00e1csad\u00e1s<\/li>\n<li>ment\u00e1lhigi\u00e9niai prevenci\u00f3<\/li>\n<li>kr\u00edzis-intervenci\u00f3<\/li>\n<\/ul>\n<\/div>\n<\/div>\n<\/div>\n<\/div>\n","protected":false},"excerpt":{"rendered":"<p>&nbsp; Gy\u00f3gytorn\u00e1sz szaktan\u00e1csad\u00e1s egy\u00e9ni torna csoportos torna korcsoportonk\u00e9nti torna gerinctorna v\u00e1ll torna v\u00edzi torna munkahelyi torna fitness jelleg\u0171 foglalkoz\u00e1sok alakform\u00e1l\u00e1s &nbsp; Dietetikus egy\u00e9ni szaktan\u00e1csad\u00e1s csoportos szaktan\u00e1csad\u00e1s el\u0151ad\u00e1s f\u0151z\u00e9si gyakorlat \u00e9telk\u00e9sz\u00edt\u00e9si technik\u00e1k a kliens \u00e9s hozz\u00e1tartoz\u00f3 oktat\u00e1sa di\u00e9t\u00e1s \u00e9telek elk\u00e9sz\u00edt\u00e9s\u00e9r\u0151l Pszichol\u00f3giai tan\u00e1csad\u00e1s \u00e9letvezet\u00e9si tan\u00e1csad\u00e1s ment\u00e1lhigi\u00e9niai prevenci\u00f3 kr\u00edzis-intervenci\u00f3<\/p>\n","protected":false},"author":1,"featured_media":0,"parent":0,"menu_order":0,"comment_status":"closed","ping_status":"closed","template":"","meta":{"ngg_post_thumbnail":0,"footnotes":""},"class_list":["post-142","page","type-page","status-publish","hentry"],"_links":{"self":[{"href":"https:\/\/efimezotur.hu\/index.php?rest_route=\/wp\/v2\/pages\/142","targetHints":{"allow":["GET"]}}],"collection":[{"href":"https:\/\/efimezotur.hu\/index.php?rest_route=\/wp\/v2\/pages"}],"about":[{"href":"https:\/\/efimezotur.hu\/index.php?rest_route=\/wp\/v2\/types\/page"}],"author":[{"embeddable":true,"href":"https:\/\/efimezotur.hu\/index.php?rest_route=\/wp\/v2\/users\/1"}],"replies":[{"embeddable":true,"href":"https:\/\/efimezotur.hu\/index.php?rest_route=%2Fwp%2Fv2%2Fcomments&post=142"}],"version-history":[{"count":14,"href":"https:\/\/efimezotur.hu\/index.php?rest_route=\/wp\/v2\/pages\/142\/revisions"}],"predecessor-version":[{"id":2053,"href":"https:\/\/efimezotur.hu\/index.php?rest_route=\/wp\/v2\/pages\/142\/revisions\/2053"}],"wp:attachment":[{"href":"https:\/\/efimezotur.hu\/index.php?rest_route=%2Fwp%2Fv2%2Fmedia&parent=142"}],"curies":[{"name":"wp","href":"https:\/\/api.w.org\/{rel}","templated":true}]}}