{"id":144,"date":"2017-06-09T19:16:22","date_gmt":"2017-06-09T19:16:22","guid":{"rendered":"http:\/\/efimezotur.mediacenter11.hu\/?page_id=144"},"modified":"2025-08-11T12:22:33","modified_gmt":"2025-08-11T11:22:33","slug":"celcsoportok","status":"publish","type":"page","link":"https:\/\/efimezotur.hu\/?page_id=144","title":{"rendered":"C\u00e9lcsoportok"},"content":{"rendered":"<div id=\"Cntnr1-mlf\" class=\"c1\" data-reactid=\".0.$SITE_ROOT.$desktop_siteRoot.$PAGES_CONTAINER.1.1.$SITE_PAGES.$c1xd0_DESKTOP.4.$Cntnr6-ug.1.$Cntnr1-mlf\">\n<div id=\"Cntnr1-mlfinlineContent\" class=\"c1inlineContent\" data-reactid=\".0.$SITE_ROOT.$desktop_siteRoot.$PAGES_CONTAINER.1.1.$SITE_PAGES.$c1xd0_DESKTOP.4.$Cntnr6-ug.1.$Cntnr1-mlf.1\">\n<div id=\"WRchTxt7-1sd\" class=\"txtNew\" data-reactid=\".0.$SITE_ROOT.$desktop_siteRoot.$PAGES_CONTAINER.1.1.$SITE_PAGES.$c1xd0_DESKTOP.4.$Cntnr6-ug.1.$Cntnr1-mlf.1.$WRchTxt7-1sd\">\n<ul>\n<li class=\"font_8\"><span class=\"color_15\"><strong>Sz\u00edv \u00e9s \u00e9rrendszeri betegs\u00e9gre hajlamos kliensek&nbsp;r\u00e9sz\u00e9re aj\u00e1nljuk az al\u00e1bbi szakter\u00fcleteket<\/strong>:<br \/>\n<\/span><\/li>\n<li id=\"Cntnr8-y6tinlineContent\" class=\"c1inlineContent\" data-reactid=\".0.$SITE_ROOT.$desktop_siteRoot.$PAGES_CONTAINER.1.1.$SITE_PAGES.$c1xd0_DESKTOP.4.$Cntnr6-ug.1.$Cntnr8-y6t.1\">\n<div id=\"WRchTxt8-u19\" class=\"txtNew\" data-reactid=\".0.$SITE_ROOT.$desktop_siteRoot.$PAGES_CONTAINER.1.1.$SITE_PAGES.$c1xd0_DESKTOP.4.$Cntnr6-ug.1.$Cntnr8-y6t.1.$WRchTxt8-u19\">\n<p class=\"font_8\"><strong>T\u00fals\u00falyos kliensek r\u00e9sz\u00e9re aj\u00e1nljuk az al\u00e1bbi szakter\u00fcletek<\/strong>:<\/p>\n<\/div>\n<\/li>\n<\/ul>\n<\/div>\n<\/div>\n<div id=\"Cntnr1-mlfinlineContent\" class=\"c1inlineContent\" data-reactid=\".0.$SITE_ROOT.$desktop_siteRoot.$PAGES_CONTAINER.1.1.$SITE_PAGES.$c1xd0_DESKTOP.4.$Cntnr6-ug.1.$Cntnr1-mlf.1\">\n<div id=\"Cntnra-h3einlineContent\" class=\"c1inlineContent\" data-reactid=\".0.$SITE_ROOT.$desktop_siteRoot.$PAGES_CONTAINER.1.1.$SITE_PAGES.$c1xd0_DESKTOP.4.$Cntnr6-ug.1.$Cntnra-h3e.1\">\n<div id=\"WRchTxta-bsc\" class=\"txtNew\" data-reactid=\".0.$SITE_ROOT.$desktop_siteRoot.$PAGES_CONTAINER.1.1.$SITE_PAGES.$c1xd0_DESKTOP.4.$Cntnr6-ug.1.$Cntnra-h3e.1.$WRchTxta-bsc\">\n<ul>\n<li class=\"font_8\"><strong>Doh\u00e1nyz\u00f3 kliensek r\u00e9sz\u00e9re aj\u00e1nljuk az al\u00e1bbi szakter\u00fcleteket<\/strong>:<\/li>\n<\/ul>\n<div id=\"Cntnrc-1e6sinlineContent\" class=\"c1inlineContent\" data-reactid=\".0.$SITE_ROOT.$desktop_siteRoot.$PAGES_CONTAINER.1.1.$SITE_PAGES.$c1xd0_DESKTOP.4.$Cntnr6-ug.1.$Cntnrc-1e6s.1\">\n<div id=\"WRchTxt9-1ape\" class=\"txtNew\" data-reactid=\".0.$SITE_ROOT.$desktop_siteRoot.$PAGES_CONTAINER.1.1.$SITE_PAGES.$c1xd0_DESKTOP.4.$Cntnr6-ug.1.$Cntnrc-1e6s.1.$WRchTxt9-1ape\">\n<ul>\n<li class=\"font_8\"><strong>Rendszeresen alkoholt fogyaszt\u00f3k r\u00e9sz\u00e9re aj\u00e1nljuk az al\u00e1bbi szakter\u00fcleteket<\/strong>:<\/li>\n<\/ul>\n<div id=\"Cntnr0-1bgyinlineContent\" class=\"c1inlineContent\" data-reactid=\".0.$SITE_ROOT.$desktop_siteRoot.$PAGES_CONTAINER.1.1.$SITE_PAGES.$c1xd0_DESKTOP.4.$Cntnr6-ug.1.$Cntnr0-1bgy.1\">\n<div id=\"WRchTxtd-13dz\" class=\"txtNew\" data-reactid=\".0.$SITE_ROOT.$desktop_siteRoot.$PAGES_CONTAINER.1.1.$SITE_PAGES.$c1xd0_DESKTOP.4.$Cntnr6-ug.1.$Cntnr0-1bgy.1.$WRchTxtd-13dz\">\n<ul>\n<li class=\"font_8\"><strong>Mozg\u00e1sszervi betegs\u00e9gre hajlamos kliensek aj\u00e1nljuk az al\u00e1bbi szakter\u00fcleteket<\/strong>:<\/li>\n<li><strong>Cukorbetegs\u00e9gre hajlamos kliensek r\u00e9sz\u00e9re aj\u00e1nljuk az al\u00e1bbi szakter\u00fcleteket<\/strong>:<\/li>\n<\/ul>\n<div id=\"Cntnre-1cdcinlineContent\" class=\"c1inlineContent\" data-reactid=\".0.$SITE_ROOT.$desktop_siteRoot.$PAGES_CONTAINER.1.1.$SITE_PAGES.$c1xd0_DESKTOP.4.$Cntnr6-ug.1.$Cntnre-1cdc.1\">\n<div id=\"WRchTxte-1b6d\" class=\"txtNew\" data-reactid=\".0.$SITE_ROOT.$desktop_siteRoot.$PAGES_CONTAINER.1.1.$SITE_PAGES.$c1xd0_DESKTOP.4.$Cntnr6-ug.1.$Cntnre-1cdc.1.$WRchTxte-1b6d\">\n<ul>\n<li class=\"font_8\"><strong>Eg\u00e9sz\u00e9g\u00fcgyben dolgoz\u00f3 kliensek r\u00e9sz\u00e9re aj\u00e1nljuk az al\u00e1bbi szakter\u00fcleteket<\/strong>:<\/li>\n<\/ul>\n<\/div>\n<\/div>\n<\/div>\n<\/div>\n<\/div>\n<\/div>\n<\/div>\n<\/div>\n<ul>\n<li><strong>Kiemelten h\u00e1tr\u00e1nyos helyzet\u0171 kliensek r\u00e9sz\u00e9re aj\u00e1nljuk az al\u00e1bbi szakter\u00fcleteket<\/strong><\/li>\n<\/ul>\n<\/div>\n<\/div>\n<div id=\"Cntnrg-14hl\" class=\"c1\" data-reactid=\".0.$SITE_ROOT.$desktop_siteRoot.$PAGES_CONTAINER.1.1.$SITE_PAGES.$c1xd0_DESKTOP.4.$Cntnr6-ug.1.$Cntnrg-14hl\">&nbsp;<\/div>\n","protected":false},"excerpt":{"rendered":"<p>Sz\u00edv \u00e9s \u00e9rrendszeri betegs\u00e9gre hajlamos kliensek&nbsp;r\u00e9sz\u00e9re aj\u00e1nljuk az al\u00e1bbi szakter\u00fcleteket: T\u00fals\u00falyos kliensek r\u00e9sz\u00e9re aj\u00e1nljuk az al\u00e1bbi szakter\u00fcletek: Doh\u00e1nyz\u00f3 kliensek r\u00e9sz\u00e9re aj\u00e1nljuk az al\u00e1bbi szakter\u00fcleteket: Rendszeresen alkoholt fogyaszt\u00f3k r\u00e9sz\u00e9re aj\u00e1nljuk az al\u00e1bbi szakter\u00fcleteket: Mozg\u00e1sszervi betegs\u00e9gre hajlamos kliensek aj\u00e1nljuk az al\u00e1bbi szakter\u00fcleteket: Cukorbetegs\u00e9gre hajlamos kliensek r\u00e9sz\u00e9re aj\u00e1nljuk az al\u00e1bbi szakter\u00fcleteket: Eg\u00e9sz\u00e9g\u00fcgyben dolgoz\u00f3 kliensek r\u00e9sz\u00e9re aj\u00e1nljuk az al\u00e1bbi [&hellip;]<\/p>\n","protected":false},"author":1,"featured_media":0,"parent":0,"menu_order":0,"comment_status":"closed","ping_status":"closed","template":"","meta":{"ngg_post_thumbnail":0,"footnotes":""},"class_list":["post-144","page","type-page","status-publish","hentry"],"_links":{"self":[{"href":"https:\/\/efimezotur.hu\/index.php?rest_route=\/wp\/v2\/pages\/144","targetHints":{"allow":["GET"]}}],"collection":[{"href":"https:\/\/efimezotur.hu\/index.php?rest_route=\/wp\/v2\/pages"}],"about":[{"href":"https:\/\/efimezotur.hu\/index.php?rest_route=\/wp\/v2\/types\/page"}],"author":[{"embeddable":true,"href":"https:\/\/efimezotur.hu\/index.php?rest_route=\/wp\/v2\/users\/1"}],"replies":[{"embeddable":true,"href":"https:\/\/efimezotur.hu\/index.php?rest_route=%2Fwp%2Fv2%2Fcomments&post=144"}],"version-history":[{"count":4,"href":"https:\/\/efimezotur.hu\/index.php?rest_route=\/wp\/v2\/pages\/144\/revisions"}],"predecessor-version":[{"id":2054,"href":"https:\/\/efimezotur.hu\/index.php?rest_route=\/wp\/v2\/pages\/144\/revisions\/2054"}],"wp:attachment":[{"href":"https:\/\/efimezotur.hu\/index.php?rest_route=%2Fwp%2Fv2%2Fmedia&parent=144"}],"curies":[{"name":"wp","href":"https:\/\/api.w.org\/{rel}","templated":true}]}}