{"id":1575,"date":"2020-03-05T09:33:06","date_gmt":"2020-03-05T08:33:06","guid":{"rendered":"http:\/\/efimezotur.mediacenter11.hu\/?page_id=1575"},"modified":"2024-02-28T13:19:03","modified_gmt":"2024-02-28T12:19:03","slug":"viselkedeszavar","status":"publish","type":"page","link":"https:\/\/efimezotur.hu\/?page_id=1575","title":{"rendered":"Viselked\u00e9szavar"},"content":{"rendered":"<h2 style=\"text-align: center;\">A szoci\u00e1lis viselked\u00e9si zavar f\u0151bb t\u00fcnetei<\/h2>\n<p>A szoci\u00e1lis viselked\u00e9si zavarok soksz\u00edn\u0171ek, nem egy meghat\u00e1rozott betegs\u00e9gr\u0151l besz\u00e9l\u00fcnk, hanem csoportokr\u00f3l. Egy beteg t\u00f6bb csoport jellemvon\u00e1sait is mag\u00e1ban hordozhatja.<\/p>\n<h3>Els\u0151 csoport:<\/h3>\n<ul>\n<li>szkizoid,<\/li>\n<li>szkizot\u00edpi\u00e1s,<\/li>\n<li><a href=\"https:\/\/egeszsegvonal.gov.hu\/p-q\/1116-paranoid-szemelyisegzavar.html\">paranoid szem\u00e9lyek<\/a>.<\/li>\n<\/ul>\n<p>\u0150ket k\u00fcl\u00f6nc, excentrikus szem\u00e9lyis\u00e9gvon\u00e1sok, a m\u00e1sokkal val\u00f3 kapcsolatok kialak\u00edt\u00e1s\u00e1nak neh\u00e9zs\u00e9ge, m\u00e1sok \u00e1ltal furcs\u00e1nak tartott viselked\u00e9si mint\u00e1zatok jellemzik.<\/p>\n<h3>M\u00e1sodik csoport:<\/h3>\n<ul>\n<li><a href=\"https:\/\/egeszsegvonal.gov.hu\/a-a\/738-antiszocialis-szemelyisegzavar.html\">antiszoci\u00e1lis<\/a>,<\/li>\n<li><a href=\"https:\/\/egeszsegvonal.gov.hu\/n-ny\/1113-narcisztikus-szemelyisegzavar.html\">n\u00e1rcisztikus<\/a>,<\/li>\n<li><a href=\"https:\/\/egeszsegvonal.gov.hu\/b\/871-borderline-szemelyisegzavar.html\">borderline<\/a>,<\/li>\n<li><a href=\"https:\/\/egeszsegvonal.gov.hu\/h\/1111-hisztrionikus-szemelyisegzavar.html\">hisztrionikus t\u00edpus\u00fa szem\u00e9lyek<\/a>.<\/li>\n<\/ul>\n<p>\u0150ket az \u00e9rzelmek szab\u00e1lyoz\u00e1s\u00e1nak neh\u00e9zs\u00e9ge, a m\u00e1s szem\u00e9lyek ir\u00e1nti \u00e9rz\u00e9sek gyakori v\u00e1ltakoz\u00e1sa, m\u00e1sok \u00e1ltal kisz\u00e1m\u00edthatatlan \u00e9s zavar\u00f3 viselked\u00e9si mint\u00e1zatok jellemzik.<\/p>\n<h3>Harmadik csoport:<\/h3>\n<ul>\n<li>szorong\u00e1sos szem\u00e9lyis\u00e9gzavarok,<\/li>\n<li>r\u00f6geszm\u00e9s-k\u00e9nyszeres,<\/li>\n<li>f\u00fcgg\u0151 (<a href=\"https:\/\/egeszsegvonal.gov.hu\/d\/1252-dependens-szemelyisegzavar.html\">dependens<\/a>),<\/li>\n<li>elker\u00fcl\u0151 t\u00edpus\u00fa szem\u00e9lyek.<\/li>\n<\/ul>\n<p>\u0150ket az intenz\u00edv szorong\u00e1s \u00e9s f\u00e9lelem\u00e9rz\u00e9s jellemzi.<\/p>\n<p>Az egy\u00e9b t\u00edpusokba sorolj\u00e1k a passz\u00edv-agressz\u00edv, szenzit\u00edv, depressz\u00edv, irrit\u00e1bilis \u00e9s hipert\u00edm szem\u00e9lyis\u00e9gzavarral k\u00fczd\u0151 embereket.<\/p>\n<p>Fontos, hogy a beteg nem \u00e9rz\u00e9keli re\u00e1lisan a saj\u00e1t \u00e1llapot\u00e1t, gyakorta ker\u00fcl emiatt konfliktushelyzetbe a csal\u00e1dj\u00e1val, esetleg munkahely\u00e9n koll\u00e9g\u00e1ival. A beteg \u00e9ppen ez\u00e9rt a t\u00e1rsadalom perif\u00e9ri\u00e1j\u00e1ra szorul, gyakran keveredik b\u0171ncselekm\u00e9nyekbe, szoci\u00e1lisan izol\u00e1l\u00f3dik. Sok esetben a beteg \u00e9let\u00e9ben alkohol- \u00e9s drogprobl\u00e9ma egyar\u00e1nt megfigyelhet\u0151, \u00e9rzelmi labilit\u00e1suk miatt&nbsp;<a href=\"https:\/\/egeszsegvonal.gov.hu\/oo-oo\/1372-ongyilkossag.html\">\u00f6ngyilkoss\u00e1got<\/a>&nbsp;is elk\u00f6vethetnek.<\/p>\n<p>&nbsp;<\/p>\n<p><strong>Jellegzetes t\u00fcnetek lehetnek a k\u00f6vetkez\u0151k a k\u00fcl\u00f6nb\u00f6z\u0151 viselked\u00e9si zavarokban:<\/strong><\/p>\n<ul>\n<li>a tanul\u00e1si motiv\u00e1ci\u00f3 zavara,<\/li>\n<li>az alkalmazkod\u00f3k\u00e9pess\u00e9g zavara,<\/li>\n<li>f\u00e9lelem feladathelyzetekben,<\/li>\n<li>a szemkontaktus ker\u00fcl\u00e9se,<\/li>\n<li>hangulatingadoz\u00e1s,<\/li>\n<li>sz\u00e9tsz\u00f3rt figyelem,<\/li>\n<li>k\u00f6t\u00f6zk\u00f6d\u00e9s,<\/li>\n<li>visszah\u00faz\u00f3d\u00e1s,<\/li>\n<li>agressz\u00edv viselked\u00e9s,<\/li>\n<li>hazudoz\u00e1s,<\/li>\n<li>indulatoss\u00e1g,<\/li>\n<li>kisz\u00e1m\u00edthatatlans\u00e1g,<\/li>\n<li>passzivit\u00e1s,<\/li>\n<li>\u00f6nt\u00f6rv\u00e9ny\u0171s\u00e9g,<\/li>\n<li>lop\u00e1s, b\u0171ncselekm\u00e9nyekbe kevered\u00e9s.<\/li>\n<\/ul>\n<p>&nbsp;<\/p>\n<h2>Mikor forduljon orvoshoz?<\/h2>\n<p>Viselked\u00e9si zavarok eset\u00e9n a beteg nem \u00e9rzi mag\u00e1t betegnek, teh\u00e1t mag\u00e1t\u00f3l nem fog orvoshoz fordulni, mindenk\u00e9ppen csal\u00e1dtag vagy bar\u00e1t seg\u00edts\u00e9g\u00e9re van sz\u00fcks\u00e9ge. Amennyiben k\u00f6rnyezet\u00e9ben valaki eset\u00e9ben a fentebb felsorolt t\u00fcneteket \u00e9szleli, mihamarabb forduljon orvoshoz, mert fokozott lehet&nbsp;<a href=\"https:\/\/egeszsegvonal.gov.hu\/oo-oo\/1372-ongyilkossag.html\">\u00f6ngyilkoss\u00e1g<\/a>&nbsp;elk\u00f6vet\u00e9s\u00e9nek a kock\u00e1zata.<\/p>\n<p>&nbsp;<\/p>\n<h2>A szoci\u00e1lis viselked\u00e9si zavarok kiv\u00e1lt\u00f3 okai<\/h2>\n<p>E betegs\u00e9gek h\u00e1tter\u00e9ben t\u00f6bb t\u00e9nyez\u0151 \u00e1llhat, pl. genetikai okok, hib\u00e1s tanul\u00e1si mechanizmus kora gyermekkorban, rossz sz\u00fcl\u0151i minta \u00e9s k\u00f6vetkezm\u00e9nyes lelki fejl\u0151d\u00e9si zavar, gyermekkori pszichotrauma, elhanyagolt \u00e9letk\u00f6r\u00fclm\u00e9nyek. M\u00f6g\u00f6ttes szerep\u00fck lehet konkr\u00e9t testi betegs\u00e9geknek is (pl. hormon\u00e1lis elt\u00e9r\u00e9sek), de lehet m\u00e1s kr\u00f3nikus betegs\u00e9gnek is szem\u00e9lyis\u00e9gtorz\u00edt\u00f3 hat\u00e1sa (pl. daganatok, kr\u00f3nikus betegs\u00e9gek). Oki t\u00e9nyez\u0151 lehet m\u00e9g k\u00f6zponti idegrendszeri s\u00e9r\u00fcl\u00e9s, agyv\u00e9rz\u00e9s, idegrendszeri gyullad\u00e1s, egyes gy\u00f3gyszerek tart\u00f3s szed\u00e9s\u00e9nek mell\u00e9khat\u00e1sa vagy&nbsp;<a href=\"https:\/\/egeszsegvonal.gov.hu\/maradj-egeszseges\/alkoholfogyasztas-merseklese.html\">alkohol-<\/a>,&nbsp;<a href=\"https:\/\/egeszsegvonal.gov.hu\/k\/827-kabitoszer-hasznalat.html\">drogfogyaszt\u00e1s<\/a>.<\/p>\n<p>&nbsp;<\/p>\n<h2>A szoci\u00e1lis viselked\u00e9si zavarok lehets\u00e9ges sz\u00f6v\u0151dm\u00e9nyei<\/h2>\n<p>A szoci\u00e1lis viselked\u00e9si zavarok sz\u00f6v\u0151dm\u00e9nye lehet&nbsp;<a href=\"https:\/\/egeszsegvonal.gov.hu\/k\/827-kabitoszer-hasznalat.html\">drogf\u00fcgg\u0151s\u00e9g<\/a>,&nbsp;<a href=\"https:\/\/egeszsegvonal.gov.hu\/a-a\/954-alkoholbetegseg.html\">alkoholbetegs\u00e9g<\/a>, ak\u00e1r&nbsp;<a href=\"https:\/\/egeszsegvonal.gov.hu\/oo-oo\/1372-ongyilkossag.html\">\u00f6ngyilkoss\u00e1g&nbsp;<\/a>is, \u00e9s sz\u00e1mos pszichi\u00e1triai k\u00f3rk\u00e9ppel sz\u00f6v\u0151dhet (pl.&nbsp;<a href=\"https:\/\/egeszsegvonal.gov.hu\/d\/990-depresszio.html\">depresszi\u00f3val<\/a>,&nbsp;<a href=\"https:\/\/egeszsegvonal.gov.hu\/s-sz\/347-szorongas.html\">szorong\u00e1ssal<\/a>,&nbsp;<a href=\"https:\/\/egeszsegvonal.gov.hu\/p-q\/183-panikbetegseg.html\">p\u00e1nikbetegs\u00e9ggel<\/a>, szenved\u00e9lybetegs\u00e9gekkel).<\/p>\n<p>&nbsp;<\/p>\n<h2>A szoci\u00e1lis viselked\u00e9si zavarok diagnosztiz\u00e1l\u00e1sa<\/h2>\n<p>A szoci\u00e1lis viselked\u00e9si zavarokat pszichi\u00e1ter szakorvosnak kell diagnosztiz\u00e1lnia, \u00e9s el kell k\u00fcl\u00f6n\u00edteni m\u00e1s betegs\u00e9gekt\u0151l (pl. a&nbsp;<a href=\"https:\/\/egeszsegvonal.gov.hu\/b\/871-borderline-szemelyisegzavar.html\">borderline szem\u00e9lyis\u00e9gzavart\u00f3l<\/a>). (L\u00e1sd m\u00e9g: Pszichi\u00e1ter). A pontos diagn\u00f3zis fel\u00e1ll\u00edt\u00e1s\u00e1t seg\u00edtheti, kieg\u00e9sz\u00edtheti&nbsp;<a href=\"https:\/\/egeszsegvonal.gov.hu\/f\/851-fizikalis-orvosi-vizsgalat.html\">fizik\u00e1lis vizsg\u00e1lat<\/a>, laborvizsg\u00e1latok, esetleges&nbsp;<a href=\"https:\/\/egeszsegvonal.gov.hu\/k\/855-kepalkoto-vizsgalatok.html\">k\u00e9palkot\u00f3 vizsg\u00e1latok<\/a>.<\/p>\n<p>&nbsp;<\/p>\n<h2>A szoci\u00e1lis viselked\u00e9si zavarok kezel\u00e9se<\/h2>\n<p>A viselked\u00e9si zavarok kezel\u00e9s\u00e9ben s\u00falyoss\u00e1g\u00e1t\u00f3l f\u00fcgg\u0151en gy\u00f3gyszeres ter\u00e1pia \u00e9s&nbsp;<a href=\"https:\/\/egeszsegvonal.gov.hu\/p-q\/1120-pszichoterapia.html\">pszichoter\u00e1pia<\/a>&nbsp;is sz\u00f3ba j\u00f6het. A c\u00e9l minden esetben a t\u00fcnetek enyh\u00edt\u00e9se, a visszaes\u00e9sek megel\u0151z\u00e9se, az \u00f6nk\u00e1ros\u00edt\u00f3 \u00e9s agressz\u00edv cselekedetek, b\u0171ncselekm\u00e9nyek megel\u0151z\u00e9se. Javasolt az egy\u00e9ni t\u00e1mogat\u00f3 ter\u00e1pia,&nbsp;<a href=\"https:\/\/egeszsegvonal.gov.hu\/c-cs\/836-csaladterapia.html\">csal\u00e1dter\u00e1pia<\/a>, pszichoanalitikus ter\u00e1pia, csoportter\u00e1pia,&nbsp;<a href=\"https:\/\/egeszsegvonal.gov.hu\/k\/752-kognitiv-viselkedesterapia.html\">kognit\u00edv viselked\u00e9ster\u00e1pia<\/a>, pszichodr\u00e1macsoport.<\/p>\n<p>A kezel\u00e9si tervet pszichi\u00e1ter \u00e1ll\u00edtja fel egy\u00e9nre szabottan, \u00e9s k\u00f6veti a beteget hossz\u00fa t\u00e1von. Nagyon fontos a j\u00f3 orvos\u2013beteg kapcsolat \u00e9s a k\u00f6lcs\u00f6n\u00f6s bizalom kialak\u00edt\u00e1sa. A pszichoter\u00e1pia t\u00f6rt\u00e9nhet egy\u00e9ni \u00e9s\/vagy csoportos form\u00e1ban. Fontos a tart\u00f3s egy\u00fcttm\u0171k\u00f6d\u00e9s.<\/p>\n<p>&nbsp;<\/p>\n<h2>Mit tehet szoci\u00e1lis viselked\u00e9si zavar eset\u00e9n?<\/h2>\n<p>Ak\u00e1r feln\u0151tt, ak\u00e1r gyermek a szoci\u00e1lis szem\u00e9lyis\u00e9gzavarban \u00e9rintett, mihamarabb forduljon szakemberhez, \u00e9s azzal m\u0171k\u00f6dj\u00f6n egy\u00fctt tart\u00f3san.<\/p>\n<p>Amennyiben gyermekkor\u00fa a szoci\u00e1lis zavarban szenved\u0151, c\u00e9lszer\u0171, ha a sz\u00fcl\u0151 alternat\u00edv megold\u00e1sokat k\u00edn\u00e1l, helyes p\u00e9ld\u00e1t mutat, \u00e9rthet\u0151en, vil\u00e1gosan fogalmaz, re\u00e1lis c\u00e9lokat t\u0171z ki. A nevel\u00e9snek k\u00f6vetkezetesnek kell lennie, a negat\u00edv viselked\u00e9st nem \u00e9rdemes meger\u0151s\u00edteni. A nyugodt, pozit\u00edv, kiegyens\u00falyozott magatart\u00e1s \u00e9p\u00edt\u0151 jelleg\u0171. K\u00fcl\u00f6nb\u00f6z\u0151 seg\u00edt\u0151 technik\u00e1k \u00e1llnak rendelkez\u00e9sre, pl. j\u00e1t\u00e9kter\u00e1pia, zeneter\u00e1pia, m\u0171v\u00e9szetter\u00e1pia, amelyek foglalkoztat\u00f3, esetleg k\u00f6z\u00f6ss\u00e9gi j\u00e1t\u00e9kok, \u00e9s seg\u00edtenek abban, hogy a gyermek f\u00e9lelmeit, \u00e9rz\u00e9seit, konfliktusait megfogalmazza.<\/p>\n<p>&nbsp;<\/p>\n<h2>A szoci\u00e1lis viselked\u00e9si zavarok megel\u0151z\u00e9se<\/h2>\n<p>Klasszikus \u00e9rtelemben megel\u0151zni ez a betegs\u00e9gcsoportot nem lehet, mert kialakul\u00e1sa t\u00f6bbt\u00e9nyez\u0151s folyamat (genetikai \u00e9s k\u00f6rnyezeti t\u00e9nyez\u0151k egy\u00fcttes szerepe). Legfontosabb a k\u00fcl\u00f6nb\u00f6z\u0151 viselked\u00e9si zavarok&nbsp;id\u0151ben val\u00f3 felismer\u00e9se \u00e9s a mihamarabbi orvoshoz fordul\u00e1s.<\/p>\n<h2>Szoci\u00e1lis viselked\u00e9si zavarok gyermekek eset\u00e9ben<\/h2>\n<p>Gyermekek \u00e9s serd\u00fcl\u0151k eset\u00e9ben gyakran megjelen\u0151 t\u00fcnet az er\u0151szakoss\u00e1g, agresszivit\u00e1s, rombol\u00e1s, nem tud alkalmazkodni. Jellemz\u0151 a tanulm\u00e1nyi visszaes\u00e9s, kik\u00f6z\u00f6s\u00edt\u00e9s, iskol\u00e1b\u00f3l val\u00f3 kimarad\u00e1s, alkohol- \u00e9s drogprobl\u00e9m\u00e1k, lop\u00e1s, \u00f6nb\u00e1ntalmaz\u00e1s. Kezel\u00e9s\u00e9ben l\u00e9nyeges a&nbsp;<a href=\"https:\/\/egeszsegvonal.gov.hu\/p-q\/1120-pszichoterapia.html\">pszichoter\u00e1pia<\/a>,&nbsp;<a href=\"https:\/\/egeszsegvonal.gov.hu\/k\/752-kognitiv-viselkedesterapia.html\">kognit\u00edv viselked\u00e9ster\u00e1pia<\/a>, az indulatok megfelel\u0151 kezel\u00e9se,&nbsp;<a href=\"https:\/\/egeszsegvonal.gov.hu\/c-cs\/836-csaladterapia.html\">csal\u00e1dter\u00e1pia<\/a>, a megfelel\u0151 sz\u00fcl\u0151i nevel\u00e9si technik\u00e1k elsaj\u00e1t\u00edt\u00e1sa.<\/p>\n<p>&nbsp;<\/p>\n<p>Amennyiben gyermek\u00e9n\u00e9l a szoci\u00e1lis viselked\u00e9s zavarait \u00e9szleli, forduljon gyermekorvos\u00e1hoz vagy a ter\u00fcletileg illet\u00e9kes Pedag\u00f3giai Szakszolg\u00e1lathoz.<\/p>\n<p>&nbsp;<\/p>\n<p><strong><span style=\"color: #ff9900;\">&nbsp;<a href=\"https:\/\/www.youtube.com\/watch?v=Na39eq4Ktgs\">let\u00f6lt\u00e9s<\/a><\/span><\/strong><\/p>\n","protected":false},"excerpt":{"rendered":"<p>A szoci\u00e1lis viselked\u00e9si zavar f\u0151bb t\u00fcnetei A szoci\u00e1lis viselked\u00e9si zavarok soksz\u00edn\u0171ek, nem egy meghat\u00e1rozott betegs\u00e9gr\u0151l besz\u00e9l\u00fcnk, hanem csoportokr\u00f3l. Egy beteg t\u00f6bb csoport jellemvon\u00e1sait is mag\u00e1ban hordozhatja. Els\u0151 csoport: szkizoid, szkizot\u00edpi\u00e1s, paranoid szem\u00e9lyek. \u0150ket k\u00fcl\u00f6nc, excentrikus szem\u00e9lyis\u00e9gvon\u00e1sok, a m\u00e1sokkal val\u00f3 kapcsolatok kialak\u00edt\u00e1s\u00e1nak neh\u00e9zs\u00e9ge, m\u00e1sok \u00e1ltal furcs\u00e1nak tartott viselked\u00e9si mint\u00e1zatok jellemzik. M\u00e1sodik csoport: antiszoci\u00e1lis, n\u00e1rcisztikus, borderline, hisztrionikus [&hellip;]<\/p>\n","protected":false},"author":2,"featured_media":0,"parent":0,"menu_order":0,"comment_status":"closed","ping_status":"closed","template":"","meta":{"ngg_post_thumbnail":0,"footnotes":""},"class_list":["post-1575","page","type-page","status-publish","hentry"],"_links":{"self":[{"href":"https:\/\/efimezotur.hu\/index.php?rest_route=\/wp\/v2\/pages\/1575","targetHints":{"allow":["GET"]}}],"collection":[{"href":"https:\/\/efimezotur.hu\/index.php?rest_route=\/wp\/v2\/pages"}],"about":[{"href":"https:\/\/efimezotur.hu\/index.php?rest_route=\/wp\/v2\/types\/page"}],"author":[{"embeddable":true,"href":"https:\/\/efimezotur.hu\/index.php?rest_route=\/wp\/v2\/users\/2"}],"replies":[{"embeddable":true,"href":"https:\/\/efimezotur.hu\/index.php?rest_route=%2Fwp%2Fv2%2Fcomments&post=1575"}],"version-history":[{"count":9,"href":"https:\/\/efimezotur.hu\/index.php?rest_route=\/wp\/v2\/pages\/1575\/revisions"}],"predecessor-version":[{"id":1989,"href":"https:\/\/efimezotur.hu\/index.php?rest_route=\/wp\/v2\/pages\/1575\/revisions\/1989"}],"wp:attachment":[{"href":"https:\/\/efimezotur.hu\/index.php?rest_route=%2Fwp%2Fv2%2Fmedia&parent=1575"}],"curies":[{"name":"wp","href":"https:\/\/api.w.org\/{rel}","templated":true}]}}